mainder when 18 is divided by 8?
2
What is the remainder when 295 is divided by 102?
91
What is the remainder when 10197 is divided by 20?
17
Calculate the remainder when 191 is divided by 88.
15
Calculate the remainder when 745 is divided by 30.
25
What is the remainder when 345 is divided by 112?
9
Calculate the remainder when 11656 is divided by 87.
85
Calculate the remainder when 352 is divided by 96.
64
What is the remainder when 130 is divided by 31?
6
Calculate the remainder when 6314 is divided by 42.
14
What is the remainder when 635 is divided by 167?
134
Calculate the remainder when 211 is divided by 6.
1
What is the remainder when 604 is divided by 151?
0
Calculate the remainder when 1215 is divided by 87.
84
What is the remainder when 1884 is divided by 46?
44
What is the remainder when 2193 is divided by 1089?
15
Calculate the remainder when 3322 is divided by 77.
11
Calculate the remainder when 1734 is divided by 11.
7
What is the remainder when 245 is divided by 52?
37
What is the remainder when 266 is divided by 21?
14
Calculate the remainder when 561 is divided by 47.
44
Calculate the remainder when 223 is divided by 28.
27
Calculate the remainder when 382 is divided by 43.
38
What is the remainder when 123 is divided by 43?
37
What is the remainder when 321 is divided by 18?
15
What is the remainder when 1006 is divided by 39?
31
What is the remainder when 180 is divided by 34?
10
What is the remainder when 188 is divided by 90?
8
Calculate the remainder when 443 is divided by 46.
29
Calculate the remainder when 6862 is divided by 68.
62
What is the remainder when 293 is divided by 38?
27
What is the remainder when 313 is divided by 59?
18
Calculate the remainder when 232 is divided by 28.
8
What is the remainder when 416 is divided by 19?
17
Calculate the remainder when 119 is divided by 31.
26
What is the remainder when 132 is divided by 37?
21
Calculate the remainder when 238 is divided by 90.
58
Calculate the remainder when 155 is divided by 40.
35
Calculate the remainder when 13805 is divided by 9.
8
What is the remainder when 8708 is divided by 36?
32
What is the remainder when 816 is divided by 39?
36
Calculate the remainder when 596 is divided by 27.
2
Calculate the remainder when 2127 is divided by 24.
15
Calculate the remainder when 102 is divided by 13.
11
Calculate the remainder when 330 is divided by 28.
22
What is the remainder when 2069 is divided by 229?
8
Calculate the remainder when 285 is divided by 56.
5
Calculate the remainder when 663 is divided by 96.
87
What is the remainder when 507 is divided by 51?
48
Calculate the remainder when 46 is divided by 23.
0
What is the remainder when 67 is divided by 34?
33
Calculate the remainder when 398 is divided by 21.
20
Calculate the remainder when 314 is divided by 35.
34
Calculate the remainder when 1219 is divided by 109.
20
Calculate the remainder when 233 is divided by 24.
17
What is the remainder when 1599 is divided by 67?
58
What is the remainder when 3914 is divided by 27?
26
Calculate the remainder when 177 is divided by 36.
33
Calculate the remainder when 5082 is divided by 23.
22
What is the remainder when 7020 is divided by 7?
6
Calculate the remainder when 9026 is divided by 11.
6
Calculate the remainder when 145 is divided by 29.
0
Calculate the remainder when 31 is divided by 16.
15
Calculate the remainder when 119 is divided by 65.
54
Calculate the remainder when 113 is divided by 39.
35
What is the remainder when 183 is divided by 2?
1
Calculate the remainder when 470 is divided by 119.
113
What is the remainder when 920 is divided by 304?
8
Calculate the remainder when 104 is divided by 15.
14
What is the remainder when 151 is divided by 23?
13
What is the remainder when 283 is divided by 57?
55
Calculate the remainder when 399 is divided by 40.
39
What is the remainder when 267 is divided by 63?
15
What is the remainder when 1013 is divided by 53?
6
What is the remainder when 115 is divided by 64?
51
What is the remainder when 198 is divided by 71?
56
Calculate the remainder when 267 is divided by 34.
29
Calculate the remainder when 509 is divided by 46.
3
What is the remainder when 768 is divided by 137?
83
Calculate the remainder when 1102 is divided by 79.
75
Calculate the remainder when 125 is divided by 64.
61
Calculate the remainder when 1093 is divided by 61.
56
What is the remainder when 291 is divided by 181?
110
What is the remainder when 1005 is divided by 169?
160
What is the remainder when 1226 is divided by 61?
6
What is the remainder when 401 is divided by 85?
61
Calculate the remainder when 264 is divided by 19.
17
What is the remainder when 297 is divided by 106?
85
Calculate the remainder when 154 is divided by 34.
18
Calculate the remainder when 1597 is divided by 17.
16
Calculate the remainder when 769 is divided by 88.
65
Calculate the remainder when 25229 is divided by 87.
86
Calculate the remainder when 3537 is divided by 30.
27
Calculate the remainder when 11868 is divided by 321.
312
What is the remainder when 109 is divided by 25?
9
Calculate the remainder when 891 is divided by 13.
7
Calculate the remainder when 37 is divided by 8.
5
What is the remainder when 1752 is divided by 218?
8
Calculate the remainder when 194 is divided by 10.
4
Calculate the remainder when 1138 is divided by 226.
8
Calculate the remainder when 1722 is divided by 108.
102
What is the remainder when 437 is divided by 49?
45
What is the remainder when 401 is divided by 107?
80
What is the remainder when 5749 is divided by 81?
79
Calculate the remainder when 1363 is divided by 1343.
20
What is the remainder when 343 is divided by 274?
69
Calculate the remainder when 2783 is divided by 199.
196
What is the remainder when 558 is divided by 40?
38
What is the remainder when 2124 is divided by 5?
4
What is the remainder when 1884 is divided by 47?
4
Calculate the remainder when 2419 is divided by 22.
21
Calculate the remainder when 393 is divided by 23.
2
What is the remainder when 117 is divided by 33?
18
What is the remainder when 843 is divided by 211?
210
Calculate the remainder when 222 is divided by 49.
26
Calculate the remainder when 1765 is divided by 31.
29
Calculate the remainder when 529 is divided by 10.
9
Calculate the remainder when 688 is divided by 168.
16
What is the remainder when 430 is divided by 32?
14
Calculate the remainder when 187 is divided by 64.
59
Calculate the remainder when 1340 is divided by 328.
28
What is the remainder when 169 is divided by 22?
15
Calculate the remainder when 1167 is divided by 23.
17
Calculate the remainder when 137 is divided by 128.
9
What is the remainder when 10009 is divided by 14?
13
Calculate the remainder when 2296 is divided by 89.
71
What is the remainder when 131 is divided by 6?
5
Calculate the remainder when 28 is divided by 6.
4
Calculate the remainder when 2241 is divided by 19.
18
Calculate the remainder when 107 is divided by 40.
27
What is the remainder when 10 is divided by 2?
0
What is the remainder when 45 is divided by 10?
5
Calculate the remainder when 604 is divided by 5.
4
Calculate the remainder when 2379 is divided by 20.
19
Calculate the remainder when 656 is divided by 25.
6
Calculate the remainder when 438 is divided by 115.
93
What is the remainder when 78 is divided by 33?
12
What is the remainder when 47 is divided by 3?
2
Calculate the remainder when 609 is divided by 77.
70
Calculate the remainder when 48 is divided by 36.
12
What is the remainder when 356 is divided by 104?
44
Calculate the remainder when 528 is divided by 15.
3
Calculate the remainder when 1043 is divided by 23.
8
What is the remainder when 1295 is divided by 52?
47
Calculate the remainder when 179 is divided by 117.
62
What is the remainder when 3232 is divided by 22?
20
Calculate the remainder when 45 is divided by 40.
5
What is the remainder when 37 is divided by 16?
5
Calculate the remainder when 100 is divided by 26.
22
Calculate the remainder when 882 is divided by 74.
68
Calculate the remainder when 225 is divided by 23.
18
Calculate the remainder when 294 is divided by 59.
58
Calculate the remainder when 319 is divided by 209.
110
Calculate the remainder when 131 is divided by 20.